t o(l) be the first derivative of -4*l**3/3 - 3*l**2/2 - l + 885. Let i(x) = x**2 + 7*x + 4. Let n be i(-6). Determine o(n).
-11
Let c(h) = -19*h**3 + 10*h**2 - 10*h - 40. Let l(i) = 61*i**3 - 31*i**2 + 30*i + 118. Let z(p) = 16*c(p) + 5*l(p). Calculate z(-5).
0
Suppose 0 = -4*o + a + 80, 0 = -3*o - 2*o - a + 91. Let i be (6 - 4)/2*o. Let c = 13 - i. Let u(q) = q + 1. Calculate u(c).
-5
Let t(i) = -i + 9. Let o(c) = -c**2 - 21*c - 14. Let a be o(15). Let z = a + 549. Calculate t(z).
14
Let u(p) = -2*p**2 - 8*p - 14. Let h be u(-6). Let m = -38 - h. Let y(a) = -a**3 - 13*a + a**2 - 3 + 12*a - 17 + m*a**2. Determine y(0).
-20
Let j(z) = -z**3 + 4*z**2 + 19*z + 9. Let k(f) = 19*f - 50. Suppose -1 + 22 = 7*y. Let m be k(y). Give j(m).
-5
Let n be -22 + (-3 + 0 - 1). Let s = -29 - n. Let m(c) = 3*c. Determine m(s).
-9
Let l(q) = -25*q**2 - 11*q - 8. Let a(y) = -68*y**2 - 31*y - 23. Let m(x) = -8*a(x) + 22*l(x). Give m(2).
-4
Let j(k) = -53*k**2 - k - 2. Suppose -47*a + 61*a = -14. Calculate j(a).
-54
Let z(d) = 14*d - 33. Suppose -3*j - 45*v + 48*v - 3 = 0, -5*v = -30. Give z(j).
37
Let i(k) = k**2 - 29*k + 28. Suppose -4*b + 5*l = -122, 0 = 5*b - 13*l + 18*l - 130. What is i(b)?
0
Let h(m) = m**2 + 1. Let u be 4/6 + 222/18. Let f = -5 + u. Let o be (-4 + f/2)/2. What is h(o)?
1
Suppose -58*v = -21*v + 586 - 31. Let x(j) = -j**3 - 15*j**2 - 2*j - 9. Give x(v).
21
Let x(z) = -z**3 - 7*z**2 - 13*z + 5. Let c(t) = -4*t**2 - 513*t - 512. Let p be c(-1). What is x(p)?
8
Let u(r) = 2*r**3 - 32*r**2 + 7*r - 25. Let k(x) = x**3 - 15*x**2 + 3*x - 11. Let s(c) = 9*k(c) - 4*u(c). Calculate s(7).
-6
Let y(v) = -2*v**3 - v**2 - 11. Let a(s) = 7*s**3 - 13*s**2 - 14*s + 71. Let k(n) = -a(n) - 4*y(n). Determine k(-16).
5
Let z(k) = -44*k + 24. Let p(v) = -23*v + 14. Let b(t) = -7*p(t) + 4*z(t). Suppose 1 = -9*u - 17. Calculate b(u).
28
Let g(w) = -11*w**2 + 5*w + 7. Let u = -304 - -310. Let x(j) = 13*j**2 - 7*j - 7. Let s(a) = u*x(a) + 7*g(a). Give s(7).
7
Suppose 43*y = -84*y + 183 + 452. Let c(o) = -o**3 + 6*o**2 - 27. What is c(y)?
-2
Let a(y) = y**3 + 6*y**2 - 8*y + 4. Let j be ((-3)/5)/(147/30 + -5). Suppose -j*c = -3*c. Suppose -17*s + 5*s - 84 = c. Calculate a(s).
11
Let i(v) = 2*v - 3. Let h(z) = z**3 + 18*z**2 + 7*z - 26. Let t be h(-18). Let r be -1 + t/(-12) - 2/3. Let l(q) = q - 15. Let j be l(r). Give i(j).
-11
Let d(f) = f**2 + 5*f + 4. Suppose -70 + 82 = -3*u. Suppose 0 = 2*a + 35 + 5. Let n be (a/6 - u)/((-4)/30). What is d(n)?
4
Let g(v) = -v**3 + 12*v**2 + 17*v - 1. Suppose b - 12 = -f, 4*f - 16*b = -14*b + 54. Determine g(f).
51
Let h = -7 + 9. Suppose h*w = -2*t - 2*w + 12, -16 = -4*w. Let r(q) = -q**2 + q + 2. Let c(o) = 2*o + 3. Let g(k) = c(k) - 2*r(k). What is g(t)?
7
Let z(v) = -2*v - 6*v**3 - 3*v - 45837*v**2 + 5 + 45830*v**2 + 5*v**3. Give z(-7).
40
Let m = -86 - -83. Suppose -3*n = -2 - 7. Let o(h) = -15*h + 1 + 11*h - 2 - n*h**2 - h**3. What is o(m)?
11
Let r(o) = 4 - o**2 + 558*o - 331*o - 199*o + o**3 + 15*o**2. Calculate r(-12).
-44
Let r(m) be the third derivative of -m**5/60 + 19*m**4/24 - 55*m**3/6 - 6*m**2 - 20. Determine r(16).
-7
Let u = 167 - 166. Let y(o) = 6*o**2 - 2*o + 4. Let a(q) = -q**2 - q. Let w(f) = u*y(f) + 5*a(f). Give w(9).
22
Let i(x) = 18*x**2 - 16*x**3 - 8*x**3 + 25*x**3 + 2*x + 3*x - 24*x**2 + 7. Calculate i(3).
-5
Let i(d) be the second derivative of d**5/60 - 3*d**4/8 + d**3/3 + 31*d**2 + 41*d. Let j(t) be the first derivative of i(t). What is j(8)?
-6
Let l(f) be the third derivative of f**4/6 + 26*f**3/3 + 3*f**2 - 102*f. Give l(-17).
-16
Suppose 34*m + 81 = 37*m. Suppose -13*n + 9*n - 18 = -2*h, -3*n - m = -3*h. Let x(q) = -q + 5. Calculate x(h).
-4
Suppose -g = -3*v - 22, 4*v = -167*g + 163*g - 8. Let b(n) = -7*n**2 - 3. Let i(r) = 6*r**2 + 2. Let x(c) = 5*b(c) + 6*i(c). Calculate x(g).
13
Let t(d) = -13*d**2 - 9*d**2 + 17*d**2 + 3*d**2 + 36*d - 6. Determine t(18).
-6
Let p(x) = -x**3 + 11*x**2 + 11*x + 27. Let n be (146 + -128)/(6/4*1). Determine p(n).
15
Let l(h) = 16*h**2 - 2*h + 34. Let m(y) = 7*y**2 - y + 19. Let t(j) = 3*l(j) - 7*m(j). Give t(0).
-31
Let v(j) = -68 - 111*j**2 + 19*j - 115*j**2 - 10 + 225*j**2. Calculate v(14).
-8
Let l(k) = 39*k**2 - 45 + 30 - 68*k**2 - 50 + 37*k + 32*k**2. Determine l(-14).
5
Let u(y) = 5*y**2 - 3*y + 6. Suppose 2*g = 5*s + 12, -5*g + 8*g + 4*s - 18 = 0. Let b(k) = -1. Let z(r) = g*b(r) + u(r). What is z(2)?
14
Let x(v) be the second derivative of v**4/3 + v**3/3 - 3*v**2/2 + 992*v - 1. What is x(1)?
3
Suppose 5*w - 2*m - 13 = 0, 3*m + 9 = w + 3*w. Let k(d) = d**3 + 3*d**2 + d - 2. Determine k(w).
55
Suppose -w + d - 16 = 5*d, -4*d = 5*w + 32. Let b(o) = -235*o + 4*o**2 - 217*o + o**3 - o**2 + 680*o - 229*o - 2. Give b(w).
-14
Let a(z) = z**3 + 7*z - 7. Suppose 12*b + 48 = -0*b. Let s be 3 + -9 + -4 - b. Let j(m) = m - 1. Let p(f) = s*j(f) + a(f). Determine p(2).
9
Suppose 5*m = -5*d - 75, -m + 27 = -d + 4. Let r(q) = -q**3 - 19*q**2 - q - 25. Let k be r(d). Let v(x) = -3*x - 5. Give v(k).
13
Let y(d) be the third derivative of d**6/120 - 3*d**5/20 + d**4/3 - d**3/3 - 2921*d**2 - 2*d. What is y(7)?
-44
Suppose -4 = 4*q - 12. Let g(t) be the third derivative of -t**5/30 + t**4/24 + t**3/2 - 4*t**2. Let x be g(q). Let j(i) = i**3 + 3*i**2 + 3*i. Give j(x).
-9
Let v be (-51)/3*1072/4556. Let w(b) = -2*b**2 - 2*b + 5 + 3*b**2 - 26. Give w(v).
3
Let t be -5 + ((-6)/(-15) - (-2)/(-5)). Let g(a) = 7*a**2 - 8*a + 5. Let w be g(t). Let m(c) = 106 - w + 105 - 2*c. Determine m(-8).
7
Suppose 3*n - 27 = -b, -4*b - 48*n + 48 = -46*n. Let y(m) = -m**2 + 15*m - 62. What is y(b)?
-8
Let z(q) = -3*q - 22. Let n = -228 + 226. Let j(g) = g + 12. Let h(i) = n*z(i) - 5*j(i). Give h(11).
-5
Let k(i) be the first derivative of i + 22. Let x(q) = q - 7. Let b(d) = -2*k(d) + x(d). What is b(7)?
-2
Suppose 0 = -3*h - 4*r + 14, 2*r + 3 = 4*h - 1. Suppose -7*k = h*k - 18. Let t(u) = -k*u**2 - 2 + 0*u + 3*u**2 + 3*u - u**3. Give t(2).
0
Let d(w) be the third derivative of w**5/60 + 3*w**4/4 - w**3 + 149*w**2. Give d(-18).
-6
Let o(h) = -68*h - 1367. Let j be o(-20). Let u(n) = -14*n - 92. What is u(j)?
6
Let d = 7 - 5. Suppose -l - 4 + 16 = 5*m, 3*m - l - 12 = 0. Let a(f) = 2*f - 6*f**d + 10*f**2 - m*f**2 - 1 + 16*f**2. Determine a(1).
18
Let r(k) = 6*k - 44. Let c be -3*(-10)/(-45) - ((-138)/18 + -6). Calculate r(c).
34
Let v = 24 - 9. Suppose 2*h + 3*g - 39 = 0, -2*g + v = g. Suppose 3*r - 7*r = -h. Let f(t) = -t. Give f(r).
-3
Let q(f) = -19*f**2 + 7*f - 53. Let r(d) = -6*d**2 + 2*d - 18. Let l(y) = 2*q(y) - 7*r(y). Let w(j) be the first derivative of l(j). Let v = 3 + -4. Give w(v).
-8
Let a(d) = -d**3 - 3*d**2 + 21*d + 21. Suppose 2*t - 4*c = 16, 0 = -3*t + 5*c + 6 + 11. Calculate a(t).
3
Let j(k) = -87 + 3*k - 77 - 90 + 196. Determine j(12).
-22
Suppose 18 = -c - 2*c. Let l(k) = 5*k + 5. Let a(n) = -n - 25. Let x(f) = -5*f - 113. Let t(w) = 9*a(w) - 2*x(w). Let u(y) = c*t(y) + l(y). Calculate u(-1).
0
Let d(m) = -531*m - 526. Let a be d(-1). Let s(x) = x**3 - 5*x**2 + 8*x - 1. Calculate s(a).
39
Let v(j) be the third derivative of -j**7/840 + j**6/180 + j**5/60 + j**4/24 - 7*j**3 - 130*j**2. Let q(a) be the first derivative of v(a). Give q(3).
-2
Let a(h) = -h + 3. Suppose 3*n + 47*t = 45*t - 35, 16 = -4*t. Determine a(n).
12
Let s(v) = 21*v - 45. Let u be s(3). Let b(d) = -2*d + 42. Calculate b(u).
6
Suppose 33 - 8 = 5*u + 2*q, -u = -q - 5. Let i(t) be the first derivative of t**3 + 7/2*t**2 + 15 - 1/4*t**4 + 2*t. Calculate i(u).
-13
Let i be (-49)/(-21) + ((-77)/(-539) - 11/(-21)). Let p(x) = -2*x**2 + 11*x - 6. Determine p(i).
9
Let f(r) = 2*r**2 + 9*r - 1. Let a be f(-4). Let k(m) = 2*m**2 + 10*m - 2. Let h be k(a). Let i = h - -8. Let s(p) = p**2 - 10*p + 6. Determine s(i).
-18
Let x(w) = -11*w**2 - 32*w - 20. Let y(b) = -4*b**2 - 11*b - 7. Let n(t) = 6*x(t) - 17*y(t). Let c be ((-200)/70)/(3/(-21)). Suppose -6*l = -c - 4. Give n(l).
11
Let h = 4501 + -4508. Let x(g) be the third derivative of g**4/8 + 5*g**3/3 - 4*g**2. Calculate x(h).
-11
Let g(q) = 4*q - 62. Let t = -46 + 60. Let m be g(t). Let o(d) = -d**2 - 7*d + 3. Give o(m).
9
Suppose 0 = -0*y - 36*y. Suppose 42*f + n - 7 = 38*f, -4*f + 2*n + 22 = y. Let o(l) = -l**2 + 3*l + 2. Calculate o(f).
2
Let l(c) = 12*c**3 - 26*